541 - 0?
-203541
In base 8, what is 4 - -4636?
4642
In base 8, what is -2620 + 117?
-2501
In base 4, what is -1 - 110310332?
-110310333
In base 12, what is -9 - 226?
-233
In base 8, what is -176 - -4234?
4036
In base 6, what is 1 - -134322?
134323
In base 7, what is -1 + -2240224?
-2240225
In base 11, what is -2a + -17335?
-17364
In base 13, what is 87789 - -5?
87791
In base 10, what is 949 + 87?
1036
In base 11, what is 4 - -4997?
49a0
In base 10, what is -310 - 336?
-646
In base 3, what is -20120222 + 110110?
-20010112
In base 10, what is -1448 - 91?
-1539
In base 15, what is 99252 - -4?
99256
In base 16, what is 242 + b?
24d
In base 4, what is -13331202 - -101?
-13331101
In base 4, what is -23232321 + 12?
-23232303
In base 9, what is 12 + -31518?
-31506
In base 3, what is -1212 - 212012202?
-212021121
In base 8, what is 2 - -522203?
522205
In base 8, what is 156253 + -5?
156246
In base 6, what is -112115 - -310?
-111405
In base 12, what is 31936 - 0?
31936
In base 4, what is 13101122332 + 1?
13101122333
In base 16, what is 2 + 3d140?
3d142
In base 7, what is 0 + -52632?
-52632
In base 14, what is 449 + 18?
463
In base 14, what is -b6 - 149b?
-1573
In base 16, what is 1e99 - 2?
1e97
In base 15, what is 3545b + -5?
35456
In base 13, what is -1a3b0 - -4?
-1a3a9
In base 8, what is 4 - 107770?
-107764
In base 4, what is -11 + 330203232?
330203221
In base 4, what is 2 - 321313?
-321311
In base 4, what is -1213011320 + -101?
-1213012021
In base 12, what is -1 + 18b4b?
18b4a
In base 5, what is 12 - 13142333?
-13142321
In base 15, what is 5 + 3672?
3677
In base 6, what is -5 + -1011?
-1020
In base 14, what is -2a3290 - -4?
-2a328a
In base 14, what is -1049b - -82?
-10419
In base 3, what is -10000 - -10210002?
10200002
In base 10, what is -1 + 634532?
634531
In base 7, what is 442 - 43213?
-42441
In base 16, what is -5565 + 1?
-5564
In base 8, what is -1 - 406556?
-406557
In base 13, what is 1c324 + 0?
1c324
In base 11, what is -1621 + 9?
-1613
In base 7, what is 245 - 26533?
-26255
In base 5, what is 41 + -103233?
-103142
In base 13, what is 43171 + 1?
43172
In base 15, what is -27 - 1dd67?
-1dd8e
In base 5, what is -10 + -12101?
-12111
In base 8, what is 103370 + -75?
103273
In base 4, what is -1 - 3221303212?
-3221303213
In base 12, what is -2 - 31499?
-3149b
In base 2, what is 1010001000011 + -110?
1010000111101
In base 10, what is -27 - -33769?
33742
In base 11, what is 57666 + 16?
57681
In base 7, what is -154 - 203?
-360
In base 9, what is 1235 - 855?
270
In base 16, what is -52 + 186?
134
In base 6, what is -523 + -14042?
-15005
In base 16, what is 2 + -64?
-62
In base 7, what is 26343646 - -1?
26343650
In base 2, what is -1100 - -110111011010010111?
110111011010001011
In base 2, what is -10001 - -1000001111?
111111110
In base 13, what is -476 - 712?
-b88
In base 5, what is -224 + -332?
-1111
In base 9, what is -1764 - 26?
-1801
In base 9, what is 12 - 57460?
-57447
In base 5, what is -2122404 + 134?
-2122220
In base 12, what is -25b + -186?
-425
In base 14, what is 7397 + -8?
738d
In base 15, what is 1 - 2a293?
-2a292
In base 7, what is 0 + -20024?
-20024
In base 14, what is -23 + -2c374?
-2c397
In base 5, what is 23 + -32200?
-32122
In base 11, what is -38176 + -5?
-38180
In base 8, what is -75533 + -1?
-75534
In base 15, what is -1d50c8 + -3?
-1d50cb
In base 8, what is 15532 + -36?
15474
In base 16, what is -1e + 476?
458
In base 14, what is 0 - -1ada0?
1ada0
In base 15, what is 3e066 + 4?
3e06a
In base 3, what is -1000 - 11100112?
-11101112
In base 6, what is 4 - -12152?
12200
In base 11, what is 54 + -75617?
-75573
In base 3, what is -12 - -121120101?
121120012
In base 4, what is -10 + -3031303?
-3031313
In base 14, what is -41 + -5dd?
-640
In base 8, what is -4120 + 4?
-4114
In base 4, what is -1012 + -2231210?
-2232222
In base 5, what is -2 - -102044014?
102044012
In base 8, what is 1 - -43161?
43162
In base 14, what is -c214 - 9?
-c21d
In base 7, what is 10 + -62364?
-62354
In base 13, what is -269 - 14?
-280
In base 16, what is 1d5 - 163?
72
In base 14, what is -14066 + 4?
-14062
In base 13, what is 27a8 - -48?
2823
In base 11, what is -5502956 + 5?
-5502951
In base 4, what is 12100120 - -1?
12100121
In base 16, what is -2 + -13c4c?
-13c4e
In base 7, what is -32 - 46254?
-46316
In base 5, what is 2134 + 301?
2440
In base 10, what is -100 - 381?
-481
In base 12, what is 8 + 33772?
3377a
In base 2, what is -100111111110000 - 10?
-100111111110010
In base 8, what is -15 - 106770?
-107005
In base 9, what is 0 - 406627?
-406627
In base 6, what is -104 - 205?
-313
In base 2, what is 100011 + -100010110101101?
-100010110001010
In base 2, what is -100011 + -100111011001001?
-100111011101100
In base 9, what is -18338 - 1?
-18340
In base 7, what is 2115 - -3133?
5251
In base 12, what is -1815 - -5?
-1810
In base 4, what is 1301032 + 301?
1301333
In base 10, what is -12 - -2854?
2842
In base 9, what is 5515 - -18?
5534
In base 11, what is 43a8 - -a?
4407
In base 11, what is -5562 - 1a4?
-5756
In base 13, what is -183 - 31b?
-4a1
In base 6, what is 0 + -5235401?
-5235401
In base 16, what is b - a286?
-a27b
In base 7, what is -100046303 - 2?
-100046305
In base 3, what is -120021202002 + -12?
-120021202021
In base 12, what is -9b27 - -5?
-9b22
In base 6, what is -201 + 503135?
502534
In base 8, what is -2724422 - -1?
-2724421
In base 3, what is -100002211100212 - -10?
-100002211100202
In base 5, what is 12 - 40021?
-40004
In base 4, what is 2311303 - 101?
2311202
In base 2, what is -1101111 - 1000000110010?
-1000010100001
In base 4, what is -3033 + -21321?
-31020
In base 7, what is 45 - 22262?
-22214
In base 6, what is 221524303 - -3?
221524310
In base 10, what is 1845 + 0?
1845
In base 2, what is 101001110101101 + -100?
101001110101001
In base 7, what is 1151545 - 10?
1151535
In base 12, what is 10885 + -5?
10880
In base 3, what is 1120100 - 22120?
1020210
In base 6, what is -4 + 2501434?
2501430
In base 12, what is 54 - 326?
-292
In base 16, what is 4 - -50a52?
50a56
In base 13, what is 78b8 - -c?
78c7
In base 2, what is -10000001000001000 + 100?
-10000001000000100
In base 14, what is 1830 + 6?
1836
In base 11, what is 692 - 1144?
-562
In base 14, what is d1 + 1db?
2cc
In base 15, what is 4 - 5c03?
-5bee
In base 9, what is -1015 + -2050?
-3065
In base 7, what is 1314456 - -5?
1314464
In base 3, what is -1102 - -22111222?
22110120
In base 8, what is 133 + 57?
212
In base 14, what is 49 + -5a7?
-55c
In base 10, what is -7248 + -3?
-7251
In base 11, what is 50 - -8364?
8404
In base 12, what is 162 + 60?
202
In base 15, what is -3a556 + -7?
-3a55d
In base 9, what is -25386 - 10?
-25406
In base 12, what is -b - 11a64?
-11a73
In base 5, what is 202012331 + -4?
202012322
In base 10, what is -5 - -4138?
4133
In base 7, what is -405 - -650?
242
In base 8, what is -1375302 + 3?
-1375277
In base 14, what is -2 - 7618?
-761a
In base 2, what is 11111 + 111000000011?
111000100010
In base 14, what is -4 + -1d64?
-1d68
In base 11, what is -8a - -324?
245
In base 6, what is -1 + -234242?
-234243
In base 2, what is -110101 + -101011111111?
-101100110100
In base 14, what is -38 - -ac5?
a8b
In base 14, what is b7dd0 - -1?
b7dd1
In base 14, what is -60a8d - 5?
-60a94
In base 14, what is 115bb73 + 5?
115bb78
In base 6, what is 4 - 3215221?
-3215213
In base 2, what is 1000101 + 11000011?
100001000
In base 12, what is -5a - -1065?
1007
In base 13, what is -29393 + -2?
-29395
In base 5, what is 2041 - -230?
2321
In base 9, what is -5 - -1632275?
1632270
In base 10, what is -4650 + -2?
-4652
In base 5, what is 12342142 - -2?
12342144
In base 4, what is 3322022 - -3?
3322031
In base 3, what is -22102211 + -2?
-22102220
In base 6, what is -3320325 - -1?
-3320324
In base 6, what is 5230 + 2244?
11514
In base 8, what is -304 - -1374?
1070
In base 13, what is -2c56c - 5?
-2c574
In base 16, what is -b7 + -36?
-ed
In base 15, what is 1e0 + 391?
581
In base 14, what is 1b1 + -5c8?
-417
In base 3, what is 20221002020 + -1?
20221002012
In base 2, what is -110000 - -1110001000?
1101011000
In base 3, what is 20121 - 101002?
-10111
In base 9, what is 13415 + -58?
13346
In base 2, what is -1001100010 - -111101111?
-1110011
In base 11, what is 0 + 649928?
649928
In base 4, what is 